{"id":484,"date":"2015-07-09T23:27:35","date_gmt":"2015-07-10T04:27:35","guid":{"rendered":"http:\/\/www.ibgs.com.mx\/site\/?page_id=484"},"modified":"2015-08-26T17:41:54","modified_gmt":"2015-08-26T22:41:54","slug":"mujeres","status":"publish","type":"page","link":"https:\/\/www.ibgs.com.mx\/site\/ministerios\/mujeres\/","title":{"rendered":"Ministerio de Mujeres"},"content":{"rendered":"<p>MISI\u00d3N :<\/p>\n<p>Que la gloria de Dios sea exaltada\u00a0 a trav\u00e9s de nuestras vidas y pasar la estafeta a las pr\u00f3ximas generaciones.<\/p>\n<p>VISI\u00d3N :<\/p>\n<p>Que las mujeres mayores alienten\u00a0 y equipen\u00a0 en cuestiones espirituales y pr\u00e1cticas a las\u00a0<span style=\"color: #610a63; font-family: 'Century Gothic';\">j\u00f3venes\u00a0<\/span>para amar a sus esposos\u00a0 y asus hijos, guardando pureza, teniendo cuidado de su casa, cumpliendo con actitud y hechos el dise\u00f1o de Dios para las mujeres.\u00a0\u00a0\u00a0\u00a0\u00a0\u00a0\u00a0\u00a0\u00a0\u00a0\u00a0\u00a0\u00a0Tito 2:4-5<\/p>\n<p>Para llevar a cabo lo anterior tenemos reuniones mensuales un s\u00e1bado por la tarde a las cuales denominamos &#8220;Tito 2&#8221;. En ellas buscamos proveer de aliento, compa\u00f1erismo y ense\u00f1anzas pr\u00e1cticas y espirituales.<\/p>\n<p><span style=\"color: #610a63; font-family: 'Century Gothic';\"><b><i>Adem\u00e1s continuamente abrimos series de estudios b\u00edblicos en diferentes horarios y d\u00edas con temas relevantes para la mujer.<\/i><\/b><\/span><\/p>\n","protected":false},"excerpt":{"rendered":"<p>MISI\u00d3N : Que la gloria de Dios sea exaltada\u00a0 a trav\u00e9s de nuestras vidas y pasar la estafeta a las pr\u00f3ximas generaciones. VISI\u00d3N : Que las mujeres mayores alienten\u00a0 y equipen\u00a0 en cuestiones espirituales y pr\u00e1cticas a las\u00a0j\u00f3venes\u00a0para amar a sus esposos\u00a0 y asus hijos, guardando pureza, teniendo cuidado de su casa, cumpliendo con actitud [&hellip;]<\/p>\n","protected":false},"author":1,"featured_media":501,"parent":52,"menu_order":0,"comment_status":"closed","ping_status":"open","template":"","meta":[],"_links":{"self":[{"href":"https:\/\/www.ibgs.com.mx\/site\/wp-json\/wp\/v2\/pages\/484"}],"collection":[{"href":"https:\/\/www.ibgs.com.mx\/site\/wp-json\/wp\/v2\/pages"}],"about":[{"href":"https:\/\/www.ibgs.com.mx\/site\/wp-json\/wp\/v2\/types\/page"}],"author":[{"embeddable":true,"href":"https:\/\/www.ibgs.com.mx\/site\/wp-json\/wp\/v2\/users\/1"}],"replies":[{"embeddable":true,"href":"https:\/\/www.ibgs.com.mx\/site\/wp-json\/wp\/v2\/comments?post=484"}],"version-history":[{"count":4,"href":"https:\/\/www.ibgs.com.mx\/site\/wp-json\/wp\/v2\/pages\/484\/revisions"}],"predecessor-version":[{"id":2321,"href":"https:\/\/www.ibgs.com.mx\/site\/wp-json\/wp\/v2\/pages\/484\/revisions\/2321"}],"up":[{"embeddable":true,"href":"https:\/\/www.ibgs.com.mx\/site\/wp-json\/wp\/v2\/pages\/52"}],"wp:featuredmedia":[{"embeddable":true,"href":"https:\/\/www.ibgs.com.mx\/site\/wp-json\/wp\/v2\/media\/501"}],"wp:attachment":[{"href":"https:\/\/www.ibgs.com.mx\/site\/wp-json\/wp\/v2\/media?parent=484"}],"curies":[{"name":"wp","href":"https:\/\/api.w.org\/{rel}","templated":true}]}}