{"id":446,"date":"2015-06-21T22:56:46","date_gmt":"2015-06-22T03:56:46","guid":{"rendered":"http:\/\/www.ibgs.com.mx\/site\/?page_id=446"},"modified":"2021-08-07T01:28:52","modified_gmt":"2021-08-07T06:28:52","slug":"home-bootstrap","status":"publish","type":"page","link":"https:\/\/www.ibgs.com.mx\/site\/","title":{"rendered":"Inicio"},"content":{"rendered":"\n\t\t<!-- MasterSlider -->\n\t\t<div id=\"P_MS69fb2d287fbce\" class=\"master-slider-parent msl ms-parent-id-1\" style=\"\">\n\n\t\t\t\n\t\t\t<!-- MasterSlider Main -->\n\t\t\t<div id=\"MS69fb2d287fbce\" class=\"master-slider ms-skin-default\" >\n\t\t\t\t \t\t\t\t \n\t\t\t\t<div  class=\"ms-slide\" data-delay=\"3\" data-fill-mode=\"fill\"  >\n\t\t\t\t\t<img src=\"https:\/\/www.ibgs.com.mx\/site\/wp-content\/plugins\/master-slider\/public\/assets\/css\/blank.gif\" alt=\"\" title=\"\" data-src=\"https:\/\/www.ibgs.com.mx\/site\/wp-content\/uploads\/2024\/09\/Redes-Sociales-Romanos_Home-Pa\u0301g.-Web-scaled.jpg\" \/>\n\n\n\t<div class=\"ms-thumb\" ><div class=\"ms-tab-context\"><div class=&quot;ms-tab-context&quot;><\/div><\/div>\n<\/div>\n\t\t\t\t<\/div>\n\t\t\t\t<div  class=\"ms-slide\" data-delay=\"3\" data-fill-mode=\"fill\"  >\n\t\t\t\t\t<img src=\"https:\/\/www.ibgs.com.mx\/site\/wp-content\/plugins\/master-slider\/public\/assets\/css\/blank.gif\" alt=\"\" title=\"\" data-src=\"https:\/\/www.ibgs.com.mx\/site\/wp-content\/uploads\/2020\/05\/Banner-Web-Home-Misi\u00f3n-IBGS-01-1-scaled.jpg\" \/>\n\n\n\t<div class=\"ms-thumb\" ><div class=\"ms-tab-context\"><div class=&quot;ms-tab-context&quot;><\/div><\/div>\n<\/div>\n\t\t\t\t<\/div>\n\t\t\t\t<div  class=\"ms-slide\" data-delay=\"3\" data-fill-mode=\"fill\"  >\n\t\t\t\t\t<img src=\"https:\/\/www.ibgs.com.mx\/site\/wp-content\/plugins\/master-slider\/public\/assets\/css\/blank.gif\" alt=\"\" title=\"\" data-src=\"https:\/\/www.ibgs.com.mx\/site\/wp-content\/uploads\/2020\/05\/Banner-Web-Home-1-scaled.jpg\" \/>\n\t<a href=\"https:\/\/www.facebook.com\/IBGSQro\" target=\"_blank\"    ><\/a>\n\n\n\t<div class=\"ms-thumb\" ><div class=\"ms-tab-context\"><div class=&quot;ms-tab-context&quot;><\/div><\/div>\n<\/div>\n\t\t\t\t<\/div>\n\n\t\t\t<\/div>\n\t\t\t<!-- END MasterSlider Main -->\n\n\t\t\t \n\t\t<\/div>\n\t\t<!-- END MasterSlider -->\n\n\t\t<script>\n\t\t(function ( $ ) {\n\t\t\t\"use strict\";\n\n\t\t\t$(function () {\n\t\t\t\tvar masterslider_fbce = new MasterSlider();\n\n\t\t\t\t\/\/ slider controls\n\t\t\t\tmasterslider_fbce.control('arrows'     ,{ autohide:true, overVideo:true  });\t\t\t\tmasterslider_fbce.control('bullets'    ,{ autohide:true, overVideo:true, dir:'h', align:'bottom' , margin:10  });\n\n\t\t\t\t\/\/ slider setup\n\t\t\t\tmasterslider_fbce.setup(\"MS69fb2d287fbce\", {\n\t\t\t\t\t\twidth           : 1900,\n\t\t\t\t\t\theight          : 800,\n\t\t\t\t\t\tminHeight       : 170,\n\t\t\t\t\t\tspace           : 0,\n\t\t\t\t\t\tstart           : 1,\n\t\t\t\t\t\tgrabCursor      : false,\n\t\t\t\t\t\tswipe           : true,\n\t\t\t\t\t\tmouse           : true,\n\t\t\t\t\t\tlayout          : \"fullwidth\",\n\t\t\t\t\t\twheel           : false,\n\t\t\t\t\t\tautoplay        : true,\n\t\t\t\t\t\tinstantStartLayers:false,\n\t\t\t\t\t\tloop            : true,\n\t\t\t\t\t\tshuffle         : false,\n\t\t\t\t\t\tpreload         : 0,\n\t\t\t\t\t\theightLimit     : true,\n\t\t\t\t\t\tautoHeight      : false,\n\t\t\t\t\t\tsmoothHeight    : true,\n\t\t\t\t\t\tendPause        : false,\n\t\t\t\t\t\toverPause       : true,\n\t\t\t\t\t\tfillMode        : \"fill\",\n\t\t\t\t\t\tcenterControls  : false,\n\t\t\t\t\t\tstartOnAppear   : true,\n\t\t\t\t\t\tlayersMode      : \"center\",\n\t\t\t\t\t\thideLayers      : false,\n\t\t\t\t\t\tfullscreenMargin: 0,\n\t\t\t\t\t\tspeed           : 20,\n\t\t\t\t\t\tdir             : \"h\",\n\t\t\t\t\t\tparallaxMode    : 'swipe',\n\t\t\t\t\t\tview            : \"basic\"\n\t\t\t\t});\n\n\t\t\t\t\n\t\t\t\twindow.masterslider_instances = window.masterslider_instances || [];\n\t\t\t\twindow.masterslider_instances.push( masterslider_fbce );\n\t\t\t });\n\n\t\t})(jQuery);\n\t\t<\/script>\n\n\n<div style=\"height: 40px;\"><\/div>\n<div class=\"col-md-6\">\n<div class=\"panel panel-default\">\n<div class=\"panel-heading\">\n<h3 class=\"panel-title\">Servicio en vivo<\/h3>\n<\/div>\n<div class=\"panel-body\">\n<div class=\"fb-video\" data-href=\"https:\/\/web.facebook.com\/IBGSQro\/live\" data-width=\"350\" data-show-text=\"false\"><\/div>\n<\/div>\n<\/div>\n<h4><\/h4>\n<\/div>\n<div class=\"col-md-6\">\n<div class=\"panel panel-default\">\n<div class=\"panel-heading\">\n<h3 class=\"panel-title\">\u00daltimo Serm\u00f3n<\/h3>\n<\/div>\n<div class=\"panel-body\">\t<div id=\"wpfc_sermon\">\t\n\t<div id=\"wpfc_loading\">\n\t\t<div id=\"wpfc_sermon_wrap\">\n\t\t<!-- <h3 class=\"sermon-title\"><a href=\"https:\/\/www.ibgs.com.mx\/site\/recursos\/tu-donde-tienes-puestos-los-ojos-romanos-145-9\/\" title=\"Permalink to &#8220;T\u00fa, \u00bfD\u00f3nde tienes puestos los ojos?&#8221; (Romanos 14:5-9)\" rel=\"bookmark\">&#8220;T\u00fa, \u00bfD\u00f3nde tienes puestos los ojos?&#8221; (Romanos 14:5-9)<\/a><\/h3> -->\n\t\t\t\n\t<div class=\"col-xs-3 col-md-2\">\n\t\t<div class=\"wpfc_sermon_wrap cf\">\n\t\t\t<div class=\"wpfc_sermon_image\">\n\t\t\t\t<a href=\"https:\/\/www.ibgs.com.mx\/site\/recursos\/series\/serie-romanos\/\"><img width=\"75\" height=\"75\" src=\"https:\/\/www.ibgs.com.mx\/site\/wp-content\/uploads\/2024\/09\/Redes-Sociales-Romanos_Thumbnail-Web-75x75.jpg\" class=\"attachment-sermon_small size-sermon_small\" alt=\"\" loading=\"lazy\" srcset=\"https:\/\/www.ibgs.com.mx\/site\/wp-content\/uploads\/2024\/09\/Redes-Sociales-Romanos_Thumbnail-Web-75x75.jpg 75w, https:\/\/www.ibgs.com.mx\/site\/wp-content\/uploads\/2024\/09\/Redes-Sociales-Romanos_Thumbnail-Web-150x150.jpg 150w, https:\/\/www.ibgs.com.mx\/site\/wp-content\/uploads\/2024\/09\/Redes-Sociales-Romanos_Thumbnail-Web-60x60.jpg 60w, https:\/\/www.ibgs.com.mx\/site\/wp-content\/uploads\/2024\/09\/Redes-Sociales-Romanos_Thumbnail-Web.jpg 156w\" sizes=\"(max-width: 75px) 100vw, 75px\" \/><\/a>\t\t\t<\/div>\t\n\t\t<\/div>\t\n\t<\/div>\t\n\t<div class=\"col-xs-9 col-md-10\">\t\t\n\t\t<div class=\"row\">\t\t\t\n\t\t\t<div class=\"col-md-8 col-xs-12 col-sm-12\">\t\t\n\t\t\t\t<h2 class=\"entry-title\">\n\t\t\t\t\t<a href=\"https:\/\/www.ibgs.com.mx\/site\/recursos\/tu-donde-tienes-puestos-los-ojos-romanos-145-9\/\" rel=\"bookmark\" title=\"&#8220;T\u00fa, \u00bfD\u00f3nde tienes puestos los ojos?&#8221; (Romanos 14:5-9)\">&#8220;T\u00fa, \u00bfD\u00f3nde tienes puestos los ojos?&#8221; (Romanos&hellip;<\/a>\n\t\t\t\t<\/h2>\t\t\t\n\t\t\t<\/div>\n\t\t\t<div class=\"col-md-4 col-xs-12 col-sm-12\">\t\t\t\t\n\t\t\t\t<div class=\"sermon_date\">3 mayo, 2026<\/div>\t\t\t<\/div>\n\t\t<\/div>\n\t<\/div>\n\t<div class=\"clearfix\"><\/div>\n\t<div class=\"col-md-10 col-md-offset-2\">\n\t\t<div class=\"row\">\t\t\t\n\t\t<div class=\"col-md-12 wpfc_sermon_meta cf\">\t\t\t\t\n\t\t\t<div>\n\t\t\t\t<span class=\"bible_passage\">Romanos 14:5-9<\/span>\n\t\t\t\t<span class=\"sermon_series\">|Series: <a href=\"https:\/\/www.ibgs.com.mx\/site\/recursos\/series\/serie-romanos\/\" rel=\"tag\">Romanos<\/a><\/span>\n\t\t\t<\/div>\t\t\t\n\t\t<\/div>\n\t\t<\/div>\n\t\t<div class=\"clearfix\" style=\"margin-top: 10px;\"><\/div>\t\t\n\t\t<div class=\"row\">\n\t\t\t\t\t\t<div class=\"col-md-6 col-xs-12 col-sm-12\">\n\t\t\t\t\t\t\tPor: <span class=\"preacher_name\"><a href=\"https:\/\/www.ibgs.com.mx\/site\/recursos\/preacher\/raul-cruz\/\" rel=\"tag\">Ra\u00fal Cruz<\/a><\/span>\n\t\t\t<\/div>\t\t\t\n\t\t\t\t\t\t<div class=\"col-md-6 col-xs-12 col-sm-12\">\n\t\t\t\t\t\t\t\t\t\t\t\n\t\t\t\t\t\t\t\t\n\t\t\t\t\t<div class=\"wpfc_sermon cf\" style=\"text-align: right;\"><div class=\"wpfc_sermon-audio cf\"><!--[if lt IE 9]><script>document.createElement('audio');<\/script><![endif]-->\n<audio class=\"wp-audio-shortcode\" id=\"audio-2512-1\" preload=\"none\" style=\"width: 100%;\" controls=\"controls\"><source type=\"audio\/mpeg\" src=\"https:\/\/ibgs.azureedge.net\/ibgs\/audios\/raulc\/2026x05x03_RCP.mp3?_=1\" \/><a href=\"https:\/\/ibgs.azureedge.net\/ibgs\/audios\/raulc\/2026x05x03_RCP.mp3\">https:\/\/ibgs.azureedge.net\/ibgs\/audios\/raulc\/2026x05x03_RCP.mp3<\/a><\/audio><\/div><\/div>\n\t\t\t\t\t\t\t\n\t\t\t<\/div>\n\t\t<\/div>\n\t\t<\/div>\t\n\t\t<div class=\"clearfix\"><\/div>\n\t\t<\/div>\n\t\t\t<div style=\"clear:both;\"><\/div>\n\n\t\t\t\t\t\t\t\t<div style=\"clear:both;\"><\/div>\n\t<\/div>\n\t<\/div>\n\t<\/div>\n<\/div>\n<\/div>\n<div class=\"clearfix\"><\/div>\n<div class=\"container\">\n<div class=\"col-md-4\">\n<div class=\"panel panel-default panel-ibgs\">\n<div class=\"panel-heading\">\n<h3 class=\"panel-title\">\u00bfQu\u00e9 Creemos?<\/h3>\n<\/div>\n<div class=\"panel-body\">\n<ul>\n<li><a href=\"http:\/\/www.ibgs.com.mx\/site\/quienes-somos\/pacto\/\">Pacto<\/a><\/li>\n<li><a href=\"http:\/\/www.ibgs.com.mx\/site\/quienes-somos\/declaracion-de-fe\/\">Declaraci\u00f3n de fe<\/a><\/li>\n<li><a href=\"http:\/\/www.ibgs.com.mx\/site\/quienes-somos\/mision\/\">Misi\u00f3n<\/a><\/li>\n<\/ul>\n<\/div>\n<\/div>\n<\/div>\n<div class=\"col-md-4\">\n<div class=\"panel panel-default panel-ibgs purple\">\n<div class=\"panel-heading\">\n<h3 class=\"panel-title\">Ministerios<\/h3>\n<\/div>\n<div class=\"panel-body\">\n<div class=\"row\">\n<div class=\"col-sm-6\">\n<ul>\n<li><a href=\"http:\/\/www.ibgs.com.mx\/site\/ministerios\/mujeres\/\">Mujeres<\/a><\/li>\n<li><a href=\"http:\/\/www.ibgs.com.mx\/site\/ministerios\/varones\/\">Varones<\/a><\/li>\n<\/ul>\n<\/div>\n<div class=\"col-sm-6\">\n<ul>\n<li><a href=\"http:\/\/www.ibgs.com.mx\/site\/ministerios\/jovenes\/\">J\u00f3venes<\/a><\/li>\n<li><a href=\"http:\/\/www.ibgs.com.mx\/site\/ministerios\/ninos\/\">Ni\u00f1os<\/a><\/li>\n<\/ul>\n<p>&nbsp;<\/p>\n<\/div>\n<\/div>\n<\/div>\n<\/div>\n<\/div>\n<div class=\"col-md-4\">\n<div class=\"panel panel-default panel-ibgs blue\">\n<div class=\"panel-heading\">\n<h3 class=\"panel-title\">Recursos<\/h3>\n<\/div>\n<div class=\"panel-body\">\n<ul>\n<li><a href=\"http:\/\/www.ibgs.com.mx\/site\/recursos\/\">Sermones<\/a><\/li>\n<li><a href=\"http:\/\/www.ibgs.com.mx\/site\/recursos\/service-type\/conferencias\/\">Conferencias<\/a><\/li>\n<\/ul>\n<p>&nbsp;<\/p>\n<\/div>\n<\/div>\n<\/div>\n<\/div>\n","protected":false},"excerpt":{"rendered":"<p>Servicio en vivo \u00daltimo Serm\u00f3n \u00bfQu\u00e9 Creemos? Pacto Declaraci\u00f3n de fe Misi\u00f3n Ministerios Mujeres Varones J\u00f3venes Ni\u00f1os &nbsp; Recursos Sermones Conferencias &nbsp;<\/p>\n","protected":false},"author":1,"featured_media":0,"parent":0,"menu_order":0,"comment_status":"closed","ping_status":"open","template":"page-home.php","meta":[],"_links":{"self":[{"href":"https:\/\/www.ibgs.com.mx\/site\/wp-json\/wp\/v2\/pages\/446"}],"collection":[{"href":"https:\/\/www.ibgs.com.mx\/site\/wp-json\/wp\/v2\/pages"}],"about":[{"href":"https:\/\/www.ibgs.com.mx\/site\/wp-json\/wp\/v2\/types\/page"}],"author":[{"embeddable":true,"href":"https:\/\/www.ibgs.com.mx\/site\/wp-json\/wp\/v2\/users\/1"}],"replies":[{"embeddable":true,"href":"https:\/\/www.ibgs.com.mx\/site\/wp-json\/wp\/v2\/comments?post=446"}],"version-history":[{"count":117,"href":"https:\/\/www.ibgs.com.mx\/site\/wp-json\/wp\/v2\/pages\/446\/revisions"}],"predecessor-version":[{"id":1851,"href":"https:\/\/www.ibgs.com.mx\/site\/wp-json\/wp\/v2\/pages\/446\/revisions\/1851"}],"wp:attachment":[{"href":"https:\/\/www.ibgs.com.mx\/site\/wp-json\/wp\/v2\/media?parent=446"}],"curies":[{"name":"wp","href":"https:\/\/api.w.org\/{rel}","templated":true}]}}