{"id":39,"date":"2015-04-18T18:50:23","date_gmt":"2015-04-18T23:50:23","guid":{"rendered":"http:\/\/www.ibgs.com.mx\/site\/?page_id=39"},"modified":"2015-11-24T21:51:51","modified_gmt":"2015-11-25T03:51:51","slug":"pacto","status":"publish","type":"page","link":"https:\/\/www.ibgs.com.mx\/site\/quienes-somos\/pacto\/","title":{"rendered":"Pacto de la Iglesia B\u00edblica Gracia Soberana"},"content":{"rendered":"<p><strong>I. <\/strong>Despu\u00e9s de haber sido conducidos, como creemos, por el Esp\u00edritu de Dios, para recibir a Jesucristo como el Se\u00f1or, Salvador y Supremo Tesoro de nuestras vidas, aceptando a la Biblia como la verdadera y completa revelaci\u00f3n de Dios, y en la profesi\u00f3n de nuestra fe, habiendo sido bautizados en el nombre del Padre y del Hijo y del Esp\u00edritu Santo, ahora, en presencia de Dios y de la congregaci\u00f3n, con el m\u00e1s grande gozo y solemnidad entramos en alianza el uno con el otro como un cuerpo en Cristo.<\/p>\n<p><strong>II. <\/strong>Nos comprometemos, por lo tanto, con la ayuda del Esp\u00edritu Santo, a caminar juntos en amor cristiano, a procurar el avance de esta Iglesia en el conocimiento, la santidad y la paz; promover su espiritualidad y sus frutos; a congregarnos regularmente, sostener su culto, las ordenanzas y la disciplina; a recibir y probar b\u00edblicamente la ense\u00f1anza de las Escrituras impartidas por los ancianos de la iglesia, de acuerdo con la Declaraci\u00f3n de Fe de la Iglesia B\u00edblica Gracia Soberana, buscando el crecimiento de la unidad en la verdad b\u00edblica; a contribuir alegremente y con regularidad al apoyo del ministerio, los gastos de la iglesia, el alivio de los pobres, y la propagaci\u00f3n del evangelio a trav\u00e9s de todas las naciones.<\/p>\n<p><strong>III. <\/strong>Tambi\u00e9n nos comprometemos a mantener devocionales familiares y personales; a educar a nuestros hijos en la fe cristiana; a buscar la salvaci\u00f3n de nuestros parientes y conocidos; a andar con prudencia en esta vida, para ser justos en nuestras relaciones, fieles en nuestros compromisos, y ejemplares en nuestra conducta, a evitar todos los chismes, la maledicencia y la ira excesiva, a buscar la ayuda de Dios en la abstenci\u00f3n de todas las drogas, alimentos, bebidas, y las pr\u00e1cticas que causan graves perjuicios injustificados al cuerpo o ponen en peligro nuestra propia fe o la de otros.<\/p>\n<p><strong>IV. <\/strong>Adem\u00e1s, nos comprometemos a velar los unos por los otros con amor fraternal; a recordarnos unos a otros en la oraci\u00f3n, a ayudarnos mutuamente en la enfermedad y en la angustia, a cultivar la simpat\u00eda cristiana en el sentir y la cortes\u00eda al hablar; a ser lentos para tomar las ofensas, pero siempre listos para la reconciliaci\u00f3n y conscientes de las reglas de Nuestro Salvador para asegurarla sin demora.<\/p>\n<p><strong>V. <\/strong>Nos comprometemos, adem\u00e1s cuando seamos movidos de esta ciudad, si es posible, a unirnos a una iglesia con ideas afines en la que podamos llevar a cabo el esp\u00edritu de este pacto.<\/p>\n","protected":false},"excerpt":{"rendered":"<p>I. Despu\u00e9s de haber sido conducidos, como creemos, por el Esp\u00edritu de Dios, para recibir a Jesucristo como el Se\u00f1or, Salvador y Supremo Tesoro de nuestras vidas, aceptando a la Biblia como la verdadera y completa revelaci\u00f3n de Dios, y en la profesi\u00f3n de nuestra fe, habiendo sido bautizados en el nombre del Padre y [&hellip;]<\/p>\n","protected":false},"author":1,"featured_media":786,"parent":18,"menu_order":0,"comment_status":"closed","ping_status":"open","template":"","meta":[],"_links":{"self":[{"href":"https:\/\/www.ibgs.com.mx\/site\/wp-json\/wp\/v2\/pages\/39"}],"collection":[{"href":"https:\/\/www.ibgs.com.mx\/site\/wp-json\/wp\/v2\/pages"}],"about":[{"href":"https:\/\/www.ibgs.com.mx\/site\/wp-json\/wp\/v2\/types\/page"}],"author":[{"embeddable":true,"href":"https:\/\/www.ibgs.com.mx\/site\/wp-json\/wp\/v2\/users\/1"}],"replies":[{"embeddable":true,"href":"https:\/\/www.ibgs.com.mx\/site\/wp-json\/wp\/v2\/comments?post=39"}],"version-history":[{"count":6,"href":"https:\/\/www.ibgs.com.mx\/site\/wp-json\/wp\/v2\/pages\/39\/revisions"}],"predecessor-version":[{"id":915,"href":"https:\/\/www.ibgs.com.mx\/site\/wp-json\/wp\/v2\/pages\/39\/revisions\/915"}],"up":[{"embeddable":true,"href":"https:\/\/www.ibgs.com.mx\/site\/wp-json\/wp\/v2\/pages\/18"}],"wp:featuredmedia":[{"embeddable":true,"href":"https:\/\/www.ibgs.com.mx\/site\/wp-json\/wp\/v2\/media\/786"}],"wp:attachment":[{"href":"https:\/\/www.ibgs.com.mx\/site\/wp-json\/wp\/v2\/media?parent=39"}],"curies":[{"name":"wp","href":"https:\/\/api.w.org\/{rel}","templated":true}]}}